{"id":6,"date":"2017-08-07T09:35:58","date_gmt":"2017-08-07T09:35:58","guid":{"rendered":"https:\/\/yeshuabo.com.br\/my-account\/"},"modified":"2025-05-19T15:40:29","modified_gmt":"2025-05-19T18:40:29","slug":"minha-conta","status":"publish","type":"page","link":"https:\/\/yeshuabo.com.br\/?page_id=6","title":{"rendered":"Minha conta"},"content":{"rendered":"<div class=\"woocommerce\">\r\n\r\n<div class=\"woocommerce-notices-wrapper\"><\/div>\r\n\r\n<div class=\"u-columns col2-set\" id=\"customer_login\">\r\n\r\n\t<div class=\"u-column1 col-1\">\r\n\r\n\r\n\t\t<div class=\"SpecialHeading mb-100\">\r\n\t\t\t<h2 class=\"special-title\">Login<\/h2>\r\n\t\t<\/div>\r\n\r\n\t\t<form class=\"woocommerce-form woocommerce-form-login login\" method=\"post\">\r\n\r\n\t\t\t\r\n\t\t\t<p class=\"woocommerce-form-row woocommerce-form-row--wide form-row form-row-wide\">\r\n\t\t\t\t<label for=\"username\">Nome de usu\u00e1rio ou endere\u00e7o de E-mail&nbsp;<span class=\"required\">*<\/span><\/label>\r\n\t\t\t\t<input type=\"text\" class=\"woocommerce-Input woocommerce-Input--text input-text\" name=\"username\" id=\"username\" autocomplete=\"username\" value=\"\" \/>\r\n\t\t\t<\/p>\r\n\t\t\t<p class=\"woocommerce-form-row woocommerce-form-row--wide form-row form-row-wide\">\r\n\t\t\t\t<label for=\"password\">Senha&nbsp;<span class=\"required\">*<\/span><\/label>\r\n\t\t\t\t<input class=\"woocommerce-Input woocommerce-Input--text input-text\" type=\"password\" name=\"password\" id=\"password\" \/>\r\n\t\t\t<\/p>\r\n\r\n\t\t\t\r\n\t\t\t<p class=\"form-row\">\r\n\t\t\t\t<input type=\"hidden\" id=\"woocommerce-login-nonce\" name=\"woocommerce-login-nonce\" value=\"3498dd6d37\" \/><input type=\"hidden\" name=\"_wp_http_referer\" value=\"\/index.php?rest_route=%2Fwp%2Fv2%2Fpages%2F6\" \/>\t\t\t\t<input type=\"submit\" class=\"woocommerce-Button button\" name=\"login\" value=\"Login\" \/>\r\n\t\t\t\t<label class=\"woocommerce-form__label woocommerce-form__label-for-checkbox inline\">\r\n\t\t\t\t\t<input class=\"woocommerce-form__input woocommerce-form__input-checkbox\" name=\"rememberme\" type=\"checkbox\" id=\"rememberme\" value=\"forever\" \/> <span>Remember me<\/span>\r\n\t\t\t\t<\/label>\r\n\t\t\t<\/p>\r\n\t\t\t<p class=\"woocommerce-LostPassword lost_password\">\r\n\t\t\t\t<a href=\"https:\/\/yeshuabo.com.br\/?page_id=6&#038;lost-password\">Perdeu sua senha?<\/a>\r\n\t\t\t<\/p>\r\n\r\n\t\t\t\r\n\t\t<\/form>\r\n\r\n\r\n\t<\/div>\r\n\r\n\t<div class=\"u-column2 col-2\">\r\n\t\t\r\n\t\t<div class=\"SpecialHeading mb-100\">\r\n\t\t\t<h2 class=\"special-title\">Cadastre-se<\/h2>\r\n\t\t<\/div>\r\n\r\n\t\t<form method=\"post\" class=\"woocommerce-form woocommerce-form-register register\"  >\r\n\r\n\t\t\t\r\n\t\t\t\r\n\t\t\t<p class=\"woocommerce-form-row woocommerce-form-row--wide form-row form-row-wide\">\r\n\t\t\t\t<label for=\"reg_email\">Endere\u00e7o de E-mail&nbsp;<span class=\"required\">*<\/span><\/label>\r\n\t\t\t\t<input type=\"email\" class=\"woocommerce-Input woocommerce-Input--text input-text\" name=\"email\" id=\"reg_email\" autocomplete=\"email\" value=\"\" \/>\t\t\t<\/p>\r\n\r\n\t\t\t\r\n\t\t\t\t<p class=\"woocommerce-form-row woocommerce-form-row--wide form-row form-row-wide\">\r\n\t\t\t\t\t<label for=\"reg_password\">Senha&nbsp;<span class=\"required\">*<\/span><\/label>\r\n\t\t\t\t\t<input type=\"password\" class=\"woocommerce-Input woocommerce-Input--text input-text\" name=\"password\" id=\"reg_password\" autocomplete=\"new-password\" \/>\r\n\t\t\t\t<\/p>\r\n\r\n\t\t\t\r\n\t\t\t<wc-order-attribution-inputs><\/wc-order-attribution-inputs><div class=\"woocommerce-privacy-policy-text\"><\/div>\r\n\t\t\t<p class=\"woocommerce-FormRow form-row\">\r\n\t\t\t\t<input type=\"hidden\" id=\"woocommerce-register-nonce\" name=\"woocommerce-register-nonce\" value=\"20c0e6855c\" \/><input type=\"hidden\" name=\"_wp_http_referer\" value=\"\/index.php?rest_route=%2Fwp%2Fv2%2Fpages%2F6\" \/>\t\t\t\t<input type=\"submit\" class=\"woocommerce-Button button\" name=\"register\" value=\"Cadastre-se\" \/>\r\n\t\t\t<\/p>\r\n\r\n\t\t\t\r\n\t\t<\/form>\r\n\r\n\t<\/div>\r\n\r\n<\/div>\r\n\r\n<\/div>\n","protected":false},"excerpt":{"rendered":"<p>Login Nome de usu\u00e1rio ou endere\u00e7o de E-mail&nbsp;* Senha&nbsp;* Remember me Perdeu sua senha? Cadastre-se Endere\u00e7o de E-mail&nbsp;* Senha&nbsp;*<\/p>\n","protected":false},"author":1,"featured_media":0,"parent":0,"menu_order":0,"comment_status":"closed","ping_status":"closed","template":"","meta":{"footnotes":""},"class_list":["post-6","page","type-page","status-publish","hentry"],"acf":[],"_links":{"self":[{"href":"https:\/\/yeshuabo.com.br\/index.php?rest_route=\/wp\/v2\/pages\/6","targetHints":{"allow":["GET"]}}],"collection":[{"href":"https:\/\/yeshuabo.com.br\/index.php?rest_route=\/wp\/v2\/pages"}],"about":[{"href":"https:\/\/yeshuabo.com.br\/index.php?rest_route=\/wp\/v2\/types\/page"}],"author":[{"embeddable":true,"href":"https:\/\/yeshuabo.com.br\/index.php?rest_route=\/wp\/v2\/users\/1"}],"replies":[{"embeddable":true,"href":"https:\/\/yeshuabo.com.br\/index.php?rest_route=%2Fwp%2Fv2%2Fcomments&post=6"}],"version-history":[{"count":1,"href":"https:\/\/yeshuabo.com.br\/index.php?rest_route=\/wp\/v2\/pages\/6\/revisions"}],"predecessor-version":[{"id":329,"href":"https:\/\/yeshuabo.com.br\/index.php?rest_route=\/wp\/v2\/pages\/6\/revisions\/329"}],"wp:attachment":[{"href":"https:\/\/yeshuabo.com.br\/index.php?rest_route=%2Fwp%2Fv2%2Fmedia&parent=6"}],"curies":[{"name":"wp","href":"https:\/\/api.w.org\/{rel}","templated":true}]}}